of b?
2, 5
Let v = 22 + -35. Let p = 62 - v. What are the prime factors of p?
3, 5
Suppose 0 = 5*k + 5*f, -3*k + 9 = -5*k - 5*f. What are the prime factors of (2/k)/((-12)/(-5022))?
3, 31
Let q(s) = -s**2 - 5*s + 2. Let t be q(-5). Let u be (7/14)/(98/(-48) - -2). What are the prime factors of t/(-8) + (-279)/u?
23
Suppose 85*a - 7868 = 71*a. What are the prime factors of a?
2, 281
Let r(v) = -v**2 - v. Let g be r(3). Let d(i) = -5*i + 25. Let t be d(7). List the prime factors of g/(-15) + (-372)/t.
2, 19
Let l be 333 + 0 - (2 + 2). Let k be (-8)/32 - l/(-4). Suppose 0 = -s + 3*s - k. List the prime factors of s.
41
Let c = 27 - 32. What are the prime factors of -2 - -27 - (c + 3)?
3
Suppose -3*t - 414 = -2*o + 2559, 4*t - 5916 = -4*o. What are the prime factors of o?
2, 3, 13, 19
Let d be 1/7 - (-10)/(-70). Suppose d*b - b = -13. What are the prime factors of b?
13
Let w(t) = -t**3 - 4*t**2 - 5*t - 2. Let l be w(-3). Suppose -4*x + 4*k = -x - l, -4*k = 2*x - 36. Suppose -5*m + x = -27. List the prime factors of m.
7
Let t(p) = -p**3 - 2*p**2 - p + 3. Let q be t(-3). Suppose 5*w - 4*a = 751 - q, -4*a + 300 = 2*w. List the prime factors of w.
2, 37
Suppose 0 = 3*i - 3*k - 1296, -i - 5*k + 416 = -2*k. List the prime factors of i.
2, 107
Let d = -40 + 23. Let y = 14 + d. What are the prime factors of (-3 + -26)*(2 + y)?
29
List the prime factors of (0 - 16/(-20))*2805/3.
2, 11, 17
Let q(v) = -2*v**3 + 7*v**2 + 4*v - 6. List the prime factors of q(-6).
2, 3, 109
Let p be (-11)/((-44)/(-320)) + 3. Let j = 238 + p. What are the prime factors of j?
7, 23
Suppose 6*p + 352 = 3352. List the prime factors of p.
2, 5
Let i = -55 - -91. Let k = i + -22. What are the prime factors of k?
2, 7
Suppose 3 + 2 = -5*r. Let u = r - 0. What are the prime factors of (44 - u)*(-24)/(-40)?
3
Suppose -116*o + 121*o - 4450 = 0. What are the prime factors of o?
2, 5, 89
List the prime factors of ((-474)/8)/(42/(-1512)).
3, 79
Let g(u) = -185*u + 34. What are the prime factors of g(-2)?
2, 101
Suppose 500*b - 513*b = -17134. List the prime factors of b.
2, 659
Suppose -3906 = -9*b + 360. What are the prime factors of b?
2, 3, 79
Suppose -5 + 2 = -z. Let m(x) = -3*x + 38. Let i be m(12). List the prime factors of (6*i)/(z/10).
2, 5
Suppose -1300 = -4*s - 6*r + 11*r, r = 2*s - 656. List the prime factors of s.
2, 3, 5, 11
Let l be (-7)/(-35) + 1/(-5). Suppose 3*b - 19 + 7 = l. List the prime factors of ((-54)/(-15))/(b/30).
3
Suppose -2*s - 5566 = -i, -4*i + 22254 = -243*s + 240*s. List the prime factors of i.
2, 3, 103
Suppose 22*s = 18*s + 144. List the prime factors of (-2)/12 + 4686/s + -6.
2, 31
Suppose 26*m = 25*m + 324. Let c = m - 71. List the prime factors of c.
11, 23
Let c(b) = 3*b + b + 16*b**2 - 14*b**2 + 1 + 99*b**2. List the prime factors of c(1).
2, 53
Suppose 5*s = -a + 2439, 0*a - 4*a = -4*s + 1932. Suppose -5*w = -958 - s. List the prime factors of w.
17
Let s be -3 + 2 + 2/2. Suppose 0 = -y + 2*v + 72, 2*v = 9*y - 13*y + 308. Suppose 2*o = -4*b + 128, s*b = 2*b + 4*o - y. List the prime factors of b.
2, 3, 5
Suppose 5*s + u - 2*u = 2989, -5*s = 2*u - 2977. Let v = -421 + s. What are the prime factors of v?
2, 11
Let n(p) = -5*p**2 - 11*p + 26 + p**2 + 3*p**2. Let y(a) = -a - 3. Let d be y(8). What are the prime factors of n(d)?
2, 13
Let d(i) = -i**2 + 0*i - 3*i + 14 + 18*i. List the prime factors of d(10).
2
Suppose 7*w - 2566 = 2355. What are the prime factors of w?
19, 37
Let f(z) = -3*z - 36. Let n be f(-12). Suppose n = q + q - 168. What are the prime factors of q?
2, 3, 7
Suppose -2*j - 22 = 2*p, 2*j + 32 = 2*p + p. Let h = j - -16. Suppose h*r - 9 = -3. What are the prime factors of r?
2
What are the prime factors of (-3 - (-4)/(-1))*64/(-16)?
2, 7
Suppose 0*k - 2*k = 4*s, -5*s - 5 = 0. Suppose k*m - 232 = -24. List the prime factors of m.
2, 13
Suppose 406 - 16 = 2*w. What are the prime factors of w?
3, 5, 13
Suppose 45 - 9 = -4*x. What are the prime factors of (-2)/x + 3234/27?
2, 3, 5
Let c = 35 + -35. Suppose -38*i + 40*i - 158 = c. What are the prime factors of i?
79
Let j = 88 - 75. Suppose -g + 51 = -j. List the prime factors of g.
2
Let b = -495 - -1204. What are the prime factors of b?
709
Let c(p) = -p**3 + 4*p**2 + p - 2. Let t be c(3). Suppose -4*n = t + 18. Let z(b) = -b**2 - 10*b - 9. What are the prime factors of z(n)?
2, 3
Let s = -4837 - -8474. List the prime factors of s.
3637
Suppose -35 = -n + 5*s, 2*n = 4*s + 34 + 6. What are the prime factors of ((-36)/(-5))/(2/n)?
2, 3
Suppose -9 = c + c + 5*x, -5*x = -4*c - 3. What are the prime factors of (-2758)/(-49) + c/7?
2, 7
Let p(j) = j**3 - j**2 + j. Let n(k) = 4*k**3 + 6*k + 7. Let y(g) = -n(g) + 2*p(g). What are the prime factors of y(-3)?
41
Suppose -4*w = 4*s + 23 + 17, 2*s = 4*w - 32. Let b = s - -12. Suppose b = 17*i - 19*i + 66. What are the prime factors of i?
3, 11
Let k be 12/5 + 4/(-10). Suppose -c + k*o + 14 = 4*o, -o - 43 = -2*c. Let g = c - 17. What are the prime factors of g?
3
Suppose 16618 = 13*j + 6556. What are the prime factors of j?
2, 3, 43
Suppose 9*m - 13433 - 5764 = 0. List the prime factors of m.
3, 79
Let l = -8 + 5. Let b(y) = -y - 2. Let q be b(l). List the prime factors of (40 + 10)*q/2.
5
List the prime factors of 526*(18/(-108) + 4/6).
263
Suppose -21*b - 9854 = -36902. List the prime factors of b.
2, 7, 23
Let n(a) = -a**2 - 4*a + 1. Suppose 0 = -4*l + 4*h - 32, -l - 3*l = 3*h + 18. Let b be n(l). Let g = b - -49. What are the prime factors of g?
2, 19
Let n be (9 + -11)*(-158)/4. Let m = 175 + n. List the prime factors of m.
2, 127
Suppose 4*q - q - 19 = -s, -q = 5*s - 25. Suppose -q + 1 = -2*f. Suppose -3*x + f*l = -0*x - 178, -x + 50 = 4*l. List the prime factors of x.
2, 29
Let r(v) = v**3 - 22*v**2 + 5*v + 29. Let t(z) = -z**3 + 22*z**2 - 5*z - 30. Let s(u) = 6*r(u) + 5*t(u). What are the prime factors of s(22)?
2, 67
Let g(b) = 51*b**2 - 36*b + 15. What are the prime factors of g(11)?
2, 3, 5, 193
Let z(f) = -7*f - 9. Let d be z(-1). What are the prime factors of d - 2 - (11 - 163)?
2, 37
Suppose -2*n = -5*n + 2*a - 91, 5*n + 137 = -4*a. Let p = 46 + n. Let q = p + -9. What are the prime factors of q?
2
Let i = 2197 + -649. What are the prime factors of i?
2, 3, 43
Suppose 24975 = 39*o - 12*o. What are the prime factors of o?
5, 37
Let g(m) = 3*m**2 + 13*m - 418. What are the prime factors of g(-22)?
2, 11, 17
Let d = -6568 + 9636. List the prime factors of d.
2, 13, 59
Suppose -2*o + 0*p + p - 4819 = 0, 0 = -o + 3*p - 2422. Let g = o + 1289. What are the prime factors of 16/136 + g/(-34)?
3, 11
Suppose -2478 - 1470 = -4*v. What are the prime factors of v?
3, 7, 47
Suppose 3*u + f - 3562 = 0, 76*u - 81*u - 4*f = -5946. List the prime factors of u.
2, 593
Suppose 0 = -4*b + 5*u + 2932, 14*u - 16*u = -5*b + 3682. List the prime factors of b.
2, 3, 41
Let s = 21 + -16. Suppose 3*n - 4 = s. Suppose 3*l = 2*y - 17, n*y - 25 - 28 = -l. List the prime factors of y.
2
Suppose 0 = 3*h + 6, 49*p - h - 184 = 47*p. What are the prime factors of p?
7, 13
Let q = -486 - -1020. List the prime factors of q.
2, 3, 89
Let w(a) = -2*a - 10. Let k be w(-5). Suppose -f - f = 4*j - 14, 4*j - 3*f - 29 = k. List the prime factors of j.
5
Let m(x) = -55*x - 38. Let f be m(-9). Suppose 4*o + 209 = r, 2*o + f = 2*r + 7*o. What are the prime factors of r?
13, 17
Let q = -224 + 242. List the prime factors of q.
2, 3
Suppose -k - 1 = -2*k. Let y be k + 1 - 1*-27. Suppose 0 = -2*f + 3*f - y. List the prime factors of f.
29
Let c(p) = p**2 - 12*p. Let w be c(12). Let j be (-22)/((-1)/1) + w. Suppose -2*m + j = -14. List the prime factors of m.
2, 3
Suppose 6*n - 8 = 2*n. Suppose v + 7 = -m, n*m + 6 = -v - 4. What are the prime factors of (2 - m)/(2/10)?
5
Let w(r) = 4*r**2 + 10*r + 14. Let m be w(-4). Suppose -2*u + s + m = -181, 5*u - 546 = 3*s. List the prime factors of u.
3, 37
Let j(p) = -p + 28. Let u be j(18). List the prime factors of (u/6)/((-4)/(-408)).
2, 5, 17
Let r = 74 - 32. Let y = r - 28. List the prime factors of y.
2, 7
List the prime factors of 14/14*(0 + 2) + 4709.
7, 673
Let s be (5 + -3)/((-2)/(-137)). Suppose 3*m - 25 = s. What are the prime factors of m?
2, 3
Suppose 5*n - 2*d = d + 3098, 3*n - 5*d = 1862. Suppose v - 14*l = -11*l + 213, -3*v + n